.
133
What is the remainder when 5827135 is divided by 1199?
1194
Calculate the remainder when 9103 is divided by 1375.
853
What is the remainder when 11699 is divided by 4661?
2377
Calculate the remainder when 5339650 is divided by 17.
1
Calculate the remainder when 68149013 is divided by 87.
86
Calculate the remainder when 10760805 is divided by 608.
421
Calculate the remainder when 4789450 is divided by 165150.
100
Calculate the remainder when 4273171 is divided by 4312.
4291
What is the remainder when 4887848 is divided by 25?
23
Calculate the remainder when 44422011 is divided by 50.
11
Calculate the remainder when 4469052 is divided by 96.
60
Calculate the remainder when 2043000 is divided by 255375.
0
What is the remainder when 17886954 is divided by 2235863?
50
What is the remainder when 696463 is divided by 40947?
364
Calculate the remainder when 15097196 is divided by 181.
167
Calculate the remainder when 20071468 is divided by 16.
12
Calculate the remainder when 1568349 is divided by 2108.
2105
What is the remainder when 39992 is divided by 1977?
452
What is the remainder when 11704455 is divided by 7803?
7758
Calculate the remainder when 1161297 is divided by 202.
201
Calculate the remainder when 18033 is divided by 343.
197
Calculate the remainder when 142230 is divided by 1166.
1144
What is the remainder when 193370123 is divided by 2914?
2911
What is the remainder when 191306 is divided by 49?
10
What is the remainder when 339986624 is divided by 6582?
6578
Calculate the remainder when 252923 is divided by 3320.
603
Calculate the remainder when 8837088 is divided by 30368.
0
Calculate the remainder when 2895968 is divided by 2503.
2500
What is the remainder when 209907 is divided by 583?
27
What is the remainder when 452338423 is divided by 2679?
2668
Calculate the remainder when 160151168 is divided by 51.
50
Calculate the remainder when 5272044 is divided by 31.
29
What is the remainder when 73007 is divided by 6022?
743
Calculate the remainder when 36073317 is divided by 2004073.
3
Calculate the remainder when 1272293 is divided by 1511.
31
Calculate the remainder when 13650093 is divided by 223772.
1
What is the remainder when 92287244 is divided by 700?
644
Calculate the remainder when 112537913 is divided by 12838.
5
What is the remainder when 90689537 is divided by 35?
22
Calculate the remainder when 70725835 is divided by 70.
5
Calculate the remainder when 1719357 is divided by 18.
15
What is the remainder when 68889 is divided by 647?
307
Calculate the remainder when 58004339 is divided by 7169.
7129
Calculate the remainder when 446361 is divided by 129.
21
What is the remainder when 1926669 is divided by 1353?
1350
Calculate the remainder when 13106157 is divided by 569830.
67
What is the remainder when 331992 is divided by 30103?
859
What is the remainder when 2734038 is divided by 455665?
48
What is the remainder when 4462360 is divided by 316?
124
What is the remainder when 1907927 is divided by 1257?
1058
Calculate the remainder when 1190562 is divided by 79369.
27
What is the remainder when 359153 is divided by 179319?
515
What is the remainder when 17120830 is divided by 771?
4
Calculate the remainder when 384440 is divided by 95995.
460
What is the remainder when 6801 is divided by 138?
39
What is the remainder when 393802 is divided by 5391?
259
Calculate the remainder when 314074700 is divided by 157037346.
8
What is the remainder when 6046501 is divided by 20155?
1
What is the remainder when 148057 is divided by 565?
27
What is the remainder when 1214317812 is divided by 149?
145
What is the remainder when 2925492 is divided by 53?
51
Calculate the remainder when 126732463 is divided by 3.
1
Calculate the remainder when 235517 is divided by 14718.
29
Calculate the remainder when 2050745 is divided by 9114.
95
What is the remainder when 71678371 is divided by 23892787?
10
What is the remainder when 767580 is divided by 1557?
1536
Calculate the remainder when 13137349 is divided by 218.
15
What is the remainder when 2114728 is divided by 14098?
28
Calculate the remainder when 2700234 is divided by 1926.
1908
What is the remainder when 432516 is divided by 91?
84
What is the remainder when 76942651 is divided by 5129509?
16
What is the remainder when 440039 is divided by 12572?
19
Calculate the remainder when 3612828 is divided by 1806384.
60
What is the remainder when 33017 is divided by 33008?
9
What is the remainder when 7186282 is divided by 15?
7
What is the remainder when 1291565 is divided by 11231?
0
Calculate the remainder when 9026638 is divided by 53.
49
What is the remainder when 331967 is divided by 331940?
27
What is the remainder when 12558642 is divided by 68?
62
What is the remainder when 280059 is divided by 634?
465
What is the remainder when 25762678 is divided by 36?
34
What is the remainder when 50555397 is divided by 24?
21
Calculate the remainder when 2226081 is divided by 192.
33
What is the remainder when 198577398 is divided by 2300?
2298
Calculate the remainder when 1255858 is divided by 1659.
1654
What is the remainder when 16165602 is divided by 38?
22
What is the remainder when 6678624 is divided by 2553?
2529
What is the remainder when 120283 is divided by 1795?
18
Calculate the remainder when 2300818 is divided by 15546.
10
What is the remainder when 199237 is divided by 65867?
1636
What is the remainder when 13006437 is divided by 9?
6
What is the remainder when 1253091 is divided by 27239?
97
Calculate the remainder when 890382 is divided by 88.
86
Calculate the remainder when 33543478 is divided by 256057.
11
Calculate the remainder when 384003 is divided by 6620.
43
What is the remainder when 40944587 is divided by 1949?
1944
Calculate the remainder when 327653 is divided by 158.
119
Calculate the remainder when 579148 is divided by 275.
273
What is the remainder when 34284619 is divided by 655?
609
Calculate the remainder when 12751483 is divided by 692.
691
What is the remainder when 10562608 is divided by 2461?
2457
What is the remainder when 37350 is divided by 1436?
14
What is the remainder when 9495474 is divided by 1319?
1312
What is the remainder when 13848936 is divided by 3205?
131
What is the remainder when 6642080 is divided by 2214017?
29
Calculate the remainder when 4399205 is divided by 708.
401
What is the remainder when 9823042 is divided by 72?
10
What is the remainder when 9625458 is divided by 10350?
10308
Calculate the remainder when 399589 is divided by 99879.
73
Calculate the remainder when 8895 is divided by 1402.
483
What is the remainder when 17649130 is divided by 3092?
3086
What is the remainder when 1642227 is divided by 575?
27
What is the remainder when 123088 is divided by 41002?
82
Calculate the remainder when 13060937 is divided by 804.
761
Calculate the remainder when 1542291 is divided by 229.
205
Calculate the remainder when 9111100 is divided by 14.
12
What is the remainder when 7970537 is divided by 144?
137
What is the remainder when 604304 is divided by 358?
0
What is the remainder when 710444 is divided by 4968?
20
Calculate the remainder when 42025928 is divided by 7913.
7898
Calculate the remainder when 114724 is divided by 4774.
148
What is the remainder when 4020175 is divided by 253?
5
Calculate the remainder when 18669 is divided by 17901.
768
What is the remainder when 743712 is divided by 688?
672
What is the remainder when 8814566 is divided by 189?
173
Calculate the remainder when 582755 is divided by 2047.
1407
Calculate the remainder when 1432278 is divided by 303.
300
Calculate the remainder when 184467 is divided by 91800.
867
Calculate the remainder when 521116 is divided by 130258.
84
What is the remainder when 487328 is divided by 872?
752
Calculate the remainder when 4092544 is divided by 55.
49
What is the remainder when 215742 is divided by 612?
318
What is the remainder when 754678 is divided by 60?
58
Calculate the remainder when 25116598 is divided by 397.
393
Calculate the remainder when 5700587 is divided by 1158.
911
What is the remainder when 4174415 is divided by 1391166?
917
What is the remainder when 306151 is divided by 153062?
27
What is the remainder when 1110108 is divided by 557?
7
What is the r